s divided by y?
4
Suppose 4*l - 14 = s, 13 = 2*l + 2*s + 1. Suppose -48 = -l*g + g. Calculate the remainder when 30 is divided by g.
14
What is the remainder when 99 is divided by ((-6)/6)/((-2)/50)?
24
Let c be (4 - 5)/((-1)/3). Suppose 0 = c*f - 42 - 0. Suppose -3*r - 120 = -6*r. Calculate the remainder when r is divided by f.
12
Let p(g) be the first derivative of g**2/2 + g + 1. Calculate the remainder when p(9) is divided by 4.
2
Let g = 103 + -34. Calculate the remainder when g is divided by 5.
4
Suppose -d + 5*m = -26, 8*m - 4*m = -4*d + 32. What is the remainder when 19 is divided by d?
8
Let r = 3 + -3. Suppose r = 5*o - x - 118, -2 - 13 = 5*x. Suppose 5*u + 3*q = 2*q + 56, 3*u - 2*q = 44. What is the remainder when o is divided by u?
11
Suppose 2*b - 215 = 61. Suppose 0 = a - 4*a + b. What is the remainder when a is divided by 16?
14
Let s = 171 + -160. What is the remainder when 140 is divided by s?
8
Suppose 0 = -5*m - 4*k - 8 + 47, -2*k - 5 = -m. Calculate the remainder when 20 is divided by m.
6
Let w = -4 - -35. What is the remainder when w is divided by 8?
7
Suppose -2*p + 64 = -14. Suppose 0 = -t + 2*q + 36, -p = -3*t + 2*t + q. Suppose 0 = b - 3*b + t. Calculate the remainder when b is divided by 8.
5
Let d = -17 + 24. What is the remainder when d is divided by 4?
3
Let t = -4 - -27. Let m(b) = -b**2 + 1. Let l be m(4). Let w = t - l. What is the remainder when w is divided by 13?
12
Suppose -4*j = -j + 6. Let p(m) = m + 7. What is the remainder when p(3) is divided by j/(-5) + (-56)/(-10)?
4
Let i = -25 + 39. Calculate the remainder when i is divided by (-2 - 28/(-10))*10.
6
Calculate the remainder when 3/6*-6 - -44 is divided by 11.
8
Let i = -11 - -6. Let g = 35 + i. Suppose -2*x + g = 3*x. Calculate the remainder when 16 is divided by x.
4
Let y(x) = -4*x + 15. Calculate the remainder when 154 is divided by y(-4).
30
Let w(c) = -5*c**3 - 3*c**2 + c + 2. Let t be w(-2). Suppose 5*a + 3*o = 38, 4*a - 2*o = -5*o + t. Calculate the remainder when a is divided by 3.
1
Let g = 41 + -23. Let q = 35 - g. Let k(o) = 2*o**3 - 2*o**2 - 2*o + 1. Calculate the remainder when q is divided by k(2).
2
Suppose -3*s + 4 = -2. Suppose 0 = 4*t + f - 115, 2*f + 128 = 5*t - s*f. Suppose 5*q + 15 = i, i + 4*q - 16 = -i. What is the remainder when t is divided by i?
8
Suppose -17*o + 80 = -12*o. What is the remainder when 58 is divided by o?
10
Let n(d) = 2 + 8 - d + 5 - 6. Calculate the remainder when (-1)/1*-1*10 is divided by n(5).
2
Suppose 0 = 3*k + 2 - 8. Suppose -k*u + 16 = -48. What is the remainder when u is divided by 11?
10
Let l(j) = j**3 + 6*j**2 - 3*j - 2. Let c(t) = -t**3 - 7*t**2 - 3*t - 12. Calculate the remainder when l(-6) is divided by c(-7).
7
Let h(z) = 7*z - 6. Let k be 16*1*(-2)/(-4). Let g = -18 - -35. What is the remainder when h(k) is divided by g?
16
What is the remainder when (-10 - 9)*(-4 + 2 + 1) is divided by 7?
5
Let a(y) be the first derivative of y**3/3 - 2*y**2 + 4*y + 2. What is the remainder when a(4) is divided by 3*-1*(1 - 2)?
1
Suppose -4*b - 2*f = -8, -5*f - 19 + 3 = b. Suppose 2*q - 136 = -b*a, -5*a = q - 213 + 43. Calculate the remainder when a is divided by (9/2)/(-3)*-8.
10
Suppose 44*i - 46 = 42*i. Calculate the remainder when 90 is divided by i.
21
Suppose 6*z - 237 = -27. Calculate the remainder when z is divided by 12.
11
Suppose u - 20 = 12. Calculate the remainder when u is divided by 17.
15
Suppose 4 = 4*f - 12. Suppose 0*v + 20 = f*v. What is the remainder when 19 is divided by v?
4
Let p = 18 - 7. Calculate the remainder when 0 + 1/((-1)/(-20)) is divided by p.
9
Let h(f) = -f**3 + 7*f**2 + 3*f - 14. Calculate the remainder when h(7) is divided by 3.
1
Suppose -4*c + 0*s + 28 = -2*s, -2*c + 4*s + 26 = 0. Calculate the remainder when 18 is divided by c.
3
Suppose -3*n = 10 - 28. What is the remainder when n is divided by 5?
1
Let a = -12 - -32. Let q(g) be the first derivative of g**3/3 + g**2 + 3*g + 3. Calculate the remainder when a is divided by q(-4).
9
Let d(g) = g**2 - 4*g + 3. Let t be d(4). Suppose 112 = 5*v + m, 3*m - 25 - 47 = -t*v. Calculate the remainder when 126/((-6)/(-2)) + 1 is divided by v.
21
Suppose 90 = 26*z - 25*z. Calculate the remainder when z is divided by 23.
21
Suppose 3*k - 193 = 152. Calculate the remainder when k is divided by 29.
28
Let m = 58 - 46. Calculate the remainder when 18 is divided by m.
6
Let o(b) = b - 2. Calculate the remainder when o(4) is divided by 1.
0
Let f = 189 - 133. What is the remainder when f is divided by 15?
11
Let w = 13 + -13. Suppose -3*l + u + 34 = w, 0 = 3*u - 6 - 0. What is the remainder when l is divided by 2/2*(0 + 7)?
5
Suppose 0 = -2*q - 22 - 8. What is the remainder when 42 is divided by (-168)/q + (-2)/10?
9
Suppose -3*r + 32 = -i - 0*i, 0 = -4*r + 3*i + 51. Calculate the remainder when r is divided by 6.
3
Suppose -r = -2*g + g + 10, -2*r + 22 = 4*g. Let o(p) = -5 - 1 - 5*p + 4*p. Calculate the remainder when g is divided by o(-10).
3
Let f be ((-15)/9)/((-2)/(-6)). Let n = f + 14. What is the remainder when n is divided by 4/(-6)*(-45)/6?
4
Suppose 0 = 2*m + 3*f - 89, -89 = -4*m + f + 96. Calculate the remainder when m is divided by (16/3)/(-4)*-12.
14
Let z = 23 - 15. Suppose -z + 83 = 5*f. What is the remainder when 42 is divided by f?
12
Suppose 2*s - 8 = -76. Let d = -24 - s. What is the remainder when 4/(-10) + 84/d is divided by 3?
2
Let m be (-32)/(-14) + 4/(-14). Suppose -5*u = -m*u - 42. Calculate the remainder when (-18)/(-27)*246/4 is divided by u.
13
Let b(n) = n**2 - 5. Suppose 0 = 2*p + 2*g - 10, 2 + 3 = p - 5*g. Calculate the remainder when 38 is divided by b(p).
18
Let p = 14 - 9. Calculate the remainder when 13 is divided by p.
3
Let p be (2/(-3))/((-12)/(-126)). Let a(c) be the first derivative of -c**3/3 - 4*c**2 + 4*c + 1. Calculate the remainder when 31 is divided by a(p).
9
Let r(y) = 40*y. Let f be r(1). Suppose g + g - 2*j - f = 0, 3*g + 2*j = 55. Suppose 4*m = 262 - 42. What is the remainder when m is divided by g?
17
Suppose -4*y - 5*y + 81 = 0. What is the remainder when 35 is divided by y?
8
Suppose -14 = -5*l + 6*n - 4*n, -4*n = -l - 8. Calculate the remainder when l is divided by 3.
1
Let d(i) = -i**2 + 11*i - 8. What is the remainder when d(9) is divided by 3?
1
Suppose 0 = x - 5 + 2. Suppose 4*r + 1 - 17 = -x*o, 3*o + r = 31. What is the remainder when 35 is divided by o?
11
Let z = 1 - 1. Let r(k) = k + 1. Let t be r(z). Let o = t - -9. Calculate the remainder when o is divided by 4.
2
Let l(u) = -4*u. Let p be l(-3). Let i = p + -7. Suppose 0 = 13*x - 14*x + 14. Calculate the remainder when x is divided by i.
4
Let c(z) = -z**3 + z**2 + z - 9. Let v be c(0). Calculate the remainder when 40 is divided by 5*(-4 - (v + 2)).
10
Suppose -6*s = -11*s + 90. Let y(l) = -6*l**2. Let j be y(-1). Let u = j - -16. What is the remainder when s is divided by u?
8
Suppose -5 = -5*n, -3*w = 5*n - 7 - 1. Let q = w + 10. Calculate the remainder when q is divided by ((-2)/((-4)/(-6)))/(-1).
2
Calculate the remainder when ((-18)/4)/((-11)/110) is divided by 23.
22
Let q = 5 + -5. Let x = q + 11. Let n(o) = -o**2 + 10*o - 4. Calculate the remainder when n(5) is divided by x.
10
Let b = -428 + 614. What is the remainder when b is divided by 27?
24
Suppose 0 = -3*x + x - 102. Let j = x - -79. Let q(r) = -9*r**3 - r. What is the remainder when j is divided by q(-1)?
8
What is the remainder when 28 is divided by (-98)/(-6) - (-9)/(-27)?
12
Let j(v) = -v**2 - 3*v + 10. Let i(d) = d**2 + 4*d - 11. Let p(u) = 7*i(u) + 6*j(u). Calculate the remainder when 12 is divided by p(-12).
5
Suppose 2*w = w + 15. Let r = -2 - 15. Let p = r - -46. What is the remainder when p is divided by w?
14
Let q = -105 + 168. What is the remainder when q is divided by 11?
8
Suppose -2*f - 16 = -3*f - 2*r, -5*f = 5*r - 85. Calculate the remainder when 34 is divided by f.
16
What is the remainder when 110 is divided by (-8)/5*(1155/(-6))/11?
26
Suppose -5*t - 18 = -8*t. Let v = t + 2. What is the remainder when 29 is divided by v?
5
Let l be (4/6)/(3/9). Let x = l + 9. Suppose 124 = 5*c - c. What is the remainder when c is divided by x?
9
Suppose 4*k = 3*d + 130, 3*d - 56 = 3*k - 5*k. What is the remainder when 112 is divided by k?
19
Le